



{"id":902,"date":"2014-05-01T20:40:46","date_gmt":"2014-05-01T20:40:46","guid":{"rendered":"http:\/\/gruppesite.kfumspejderne.dk\/?page_id=60"},"modified":"2023-11-30T09:16:00","modified_gmt":"2023-11-30T08:16:00","slug":"enhederne","status":"publish","type":"page","link":"https:\/\/loegumkloster.gruppesite.dk\/?page_id=902","title":{"rendered":"Enhederne"},"content":{"rendered":"\n<p>KFUM-Spejderne L\u00f8gumkloster er en spejdergruppe b\u00e5de for drenge og piger og er inddelt i<\/p>\n\n\n\n<p><strong>b\u00e6vere<\/strong> &#8211; aldersgruppen 6 &#8211; &nbsp;8 \u00e5r. Holder m\u00f8de om torsdage fra kl. 17.00 &#8211; 18.30<\/p>\n\n\n\n<p><strong>ulve<\/strong> &#8211; aldersgruppen 9 &#8211; 11 \u00e5r. Holder m\u00f8de om torsdage fra kl. 17.00 &#8211; 18.30<\/p>\n\n\n\n<p><strong>spejdere<\/strong> &#8211; aldersgruppen 12 &#8211; 15 \u00e5r. Holder m\u00f8de om mandage fra kl. 19.00 &#8211; 21.00<\/p>\n\n\n\n<p><strong>seniorer<\/strong> &#8211; aldersgruppe 16 \u00e5r &#8211; ? . Holder m\u00f8de efter behov<\/p>\n\n\n\n<p>Yderligere oplysninger kan f\u00e5s hos gruppeleder, Mona Eichner 28 72 03 57<\/p>\n","protected":false},"excerpt":{"rendered":"<p>KFUM-Spejderne L\u00f8gumkloster er en spejdergruppe b\u00e5de for drenge og piger og er inddelt i b\u00e6vere &#8211; aldersgruppen 6 &#8211; &nbsp;8..<\/p>\n","protected":false},"author":11,"featured_media":0,"parent":0,"menu_order":2,"comment_status":"closed","ping_status":"closed","template":"","meta":{"ngg_post_thumbnail":0,"footnotes":""},"class_list":["post-902","page","type-page","status-publish","hentry"],"_links":{"self":[{"href":"https:\/\/loegumkloster.gruppesite.dk\/index.php?rest_route=\/wp\/v2\/pages\/902","targetHints":{"allow":["GET"]}}],"collection":[{"href":"https:\/\/loegumkloster.gruppesite.dk\/index.php?rest_route=\/wp\/v2\/pages"}],"about":[{"href":"https:\/\/loegumkloster.gruppesite.dk\/index.php?rest_route=\/wp\/v2\/types\/page"}],"author":[{"embeddable":true,"href":"https:\/\/loegumkloster.gruppesite.dk\/index.php?rest_route=\/wp\/v2\/users\/11"}],"replies":[{"embeddable":true,"href":"https:\/\/loegumkloster.gruppesite.dk\/index.php?rest_route=%2Fwp%2Fv2%2Fcomments&post=902"}],"version-history":[{"count":10,"href":"https:\/\/loegumkloster.gruppesite.dk\/index.php?rest_route=\/wp\/v2\/pages\/902\/revisions"}],"predecessor-version":[{"id":2085,"href":"https:\/\/loegumkloster.gruppesite.dk\/index.php?rest_route=\/wp\/v2\/pages\/902\/revisions\/2085"}],"wp:attachment":[{"href":"https:\/\/loegumkloster.gruppesite.dk\/index.php?rest_route=%2Fwp%2Fv2%2Fmedia&parent=902"}],"curies":[{"name":"wp","href":"https:\/\/api.w.org\/{rel}","templated":true}]}}