



{"id":901,"date":"2014-05-01T20:40:05","date_gmt":"2014-05-01T20:40:05","guid":{"rendered":"http:\/\/gruppesite.kfumspejderne.dk\/?page_id=58"},"modified":"2025-04-03T11:57:46","modified_gmt":"2025-04-03T09:57:46","slug":"forside","status":"publish","type":"page","link":"https:\/\/loegumkloster.gruppesite.dk\/?page_id=901","title":{"rendered":"Forside"},"content":{"rendered":"<p>KFUM-Spejderne i L\u00f8gumkloster er stiftet den 2. marts 1953 \u2013 alts\u00e5 en gruppe med mange \u00e5r p\u00e5 bagen. &nbsp;Vores spejderarbejde er mest rettet &nbsp;mod b\u00f8rn og unge, som vi \u00f8nsker at st\u00f8tte I at blive selvst\u00e6ndige, \u00e6rlige, demokratiske og ansvarlige voksne, der har respekt for deres omverden og naturen.<\/p>\n<p><strong>Vi holder til i vores spejderhytte \u2013<\/strong> <strong>Sortebrohytt&#8217;\u2013 p\u00e5 <a href=\"https:\/\/www.google.dk\/maps\/place\/Stationsvej+40,+6240+L\u00f8gumkloster\/@55.050431,8.9598213,17z\/data=!3m1!4b1!4m5!3m4!1s0x47b4b1be2da9c051:0x58568699cf3063f!8m2!3d55.050431!4d8.96201\">Stationsvej 40, 6240 L\u00f8gumkloster<\/a><\/strong><\/p>\n<p>I dag er KFUM-Spejderne i L\u00f8gumkloster en spejdergruppe for b\u00e5de drenge og piger i aldersklassen 6 &#8211; ca. 15 \u00e5r fordelt p\u00e5<br \/>\nb\u00e6vere, ulve, spejdere og som noget nyt familiespejder.<\/p>\n<p><strong>B\u00e6verne<\/strong> ( 6 &#8211; 8 \u00e5r ) holder m\u00f8de om torsdage fra kl. 17.00 &#8211; 18.30<br \/>\n<strong>Ulvene<\/strong> (9 &#8211; 11 \u00e5r ) holder m\u00f8de om torsdage fra kl. 17.00 &#8211; 18.30<br \/>\n<strong>Spejderne<\/strong> (12 &#8211; 15 \u00e5r ) holder m\u00f8de om mandage fra kl. 19.00 &#8211; 21.00<\/p>\n<p>Gruppen har ca. 10 ledere og en aktiv bestyrelse.<\/p>\n<p>Yderligere oplysninger kan f\u00e5s hos<\/p>\n<p><strong>gruppeleder Mona Eichner tlf. 28 72 03 57 eller hos<\/strong><\/p>\n<p><strong>gruppebestyrelsesformand Jonna Mensel tlf. 23 63 51 11<\/strong><\/p>\n","protected":false},"excerpt":{"rendered":"<p>KFUM-Spejderne i L\u00f8gumkloster er stiftet den 2. marts 1953 \u2013 alts\u00e5 en gruppe med mange \u00e5r p\u00e5 bagen. &nbsp;Vores spejderarbejde..<\/p>\n","protected":false},"author":11,"featured_media":0,"parent":0,"menu_order":0,"comment_status":"closed","ping_status":"closed","template":"template\/template_index.php","meta":{"ngg_post_thumbnail":0,"footnotes":""},"class_list":["post-901","page","type-page","status-publish","hentry"],"_links":{"self":[{"href":"https:\/\/loegumkloster.gruppesite.dk\/index.php?rest_route=\/wp\/v2\/pages\/901","targetHints":{"allow":["GET"]}}],"collection":[{"href":"https:\/\/loegumkloster.gruppesite.dk\/index.php?rest_route=\/wp\/v2\/pages"}],"about":[{"href":"https:\/\/loegumkloster.gruppesite.dk\/index.php?rest_route=\/wp\/v2\/types\/page"}],"author":[{"embeddable":true,"href":"https:\/\/loegumkloster.gruppesite.dk\/index.php?rest_route=\/wp\/v2\/users\/11"}],"replies":[{"embeddable":true,"href":"https:\/\/loegumkloster.gruppesite.dk\/index.php?rest_route=%2Fwp%2Fv2%2Fcomments&post=901"}],"version-history":[{"count":19,"href":"https:\/\/loegumkloster.gruppesite.dk\/index.php?rest_route=\/wp\/v2\/pages\/901\/revisions"}],"predecessor-version":[{"id":2099,"href":"https:\/\/loegumkloster.gruppesite.dk\/index.php?rest_route=\/wp\/v2\/pages\/901\/revisions\/2099"}],"wp:attachment":[{"href":"https:\/\/loegumkloster.gruppesite.dk\/index.php?rest_route=%2Fwp%2Fv2%2Fmedia&parent=901"}],"curies":[{"name":"wp","href":"https:\/\/api.w.org\/{rel}","templated":true}]}}