



{"id":1547,"date":"2014-09-04T20:40:22","date_gmt":"2014-09-04T20:40:22","guid":{"rendered":"http:\/\/demo.gruppesite.dk\/?page_id=1547"},"modified":"2022-03-01T10:05:34","modified_gmt":"2022-03-01T09:05:34","slug":"bliv-spejder","status":"publish","type":"page","link":"https:\/\/loegumkloster.gruppesite.dk\/?page_id=1547","title":{"rendered":"Bliv spejder"},"content":{"rendered":"<p>Du kan starte til spejder p\u00e5 to m\u00e5der, enten ved at kontakte gruppeleder Mona Eichner p\u00e5 tlf. 28 72 03 57 eller ved at dukke op til et spejderm\u00f8de og v\u00e6re med et par gange, f\u00f8r du melder dig ind.<\/p>\n","protected":false},"excerpt":{"rendered":"<p>Du kan starte til spejder p\u00e5 to m\u00e5der, enten ved at kontakte gruppeleder Mona Eichner p\u00e5 tlf. 28 72 03..<\/p>\n","protected":false},"author":11,"featured_media":0,"parent":0,"menu_order":1,"comment_status":"closed","ping_status":"closed","template":"","meta":{"ngg_post_thumbnail":0,"footnotes":""},"class_list":["post-1547","page","type-page","status-publish","hentry"],"_links":{"self":[{"href":"https:\/\/loegumkloster.gruppesite.dk\/index.php?rest_route=\/wp\/v2\/pages\/1547","targetHints":{"allow":["GET"]}}],"collection":[{"href":"https:\/\/loegumkloster.gruppesite.dk\/index.php?rest_route=\/wp\/v2\/pages"}],"about":[{"href":"https:\/\/loegumkloster.gruppesite.dk\/index.php?rest_route=\/wp\/v2\/types\/page"}],"author":[{"embeddable":true,"href":"https:\/\/loegumkloster.gruppesite.dk\/index.php?rest_route=\/wp\/v2\/users\/11"}],"replies":[{"embeddable":true,"href":"https:\/\/loegumkloster.gruppesite.dk\/index.php?rest_route=%2Fwp%2Fv2%2Fcomments&post=1547"}],"version-history":[{"count":4,"href":"https:\/\/loegumkloster.gruppesite.dk\/index.php?rest_route=\/wp\/v2\/pages\/1547\/revisions"}],"predecessor-version":[{"id":2079,"href":"https:\/\/loegumkloster.gruppesite.dk\/index.php?rest_route=\/wp\/v2\/pages\/1547\/revisions\/2079"}],"wp:attachment":[{"href":"https:\/\/loegumkloster.gruppesite.dk\/index.php?rest_route=%2Fwp%2Fv2%2Fmedia&parent=1547"}],"curies":[{"name":"wp","href":"https:\/\/api.w.org\/{rel}","templated":true}]}}