



{"id":1539,"date":"2014-09-04T20:33:48","date_gmt":"2014-09-04T20:33:48","guid":{"rendered":"http:\/\/demo.gruppesite.dk\/?page_id=1539"},"modified":"2015-01-05T16:02:38","modified_gmt":"2015-01-05T15:02:38","slug":"om-os","status":"publish","type":"page","link":"https:\/\/loegumkloster.gruppesite.dk\/?page_id=1539","title":{"rendered":"Om os"},"content":{"rendered":"<p>KFUM-Spejderne giver b\u00f8rn og unge mod til sammen at tage ansvar for en bedre verden.<\/p>\n<p>Det g\u00f8r vi ved at udvikle v\u00e6rdifulde kompetencer og skabe meningsfulde f\u00e6llesskaber, som er attraktive for flere b\u00f8rn og unge.<\/p>\n<p>Det betyder, at den enkelte spejder f\u00f8ler sig stolt over og anerkendt for at g\u00f8re en forskel.<\/p>\n<p>Hos L\u00f8gumkloster gruppe er alle vores ledere frivillige og ul\u00f8nnede. Vi er ikke-parti-politisk og byder alle velkomne uanset oprindelse, sociale vilk\u00e5r eller religion.<\/p>\n<p>Vores form\u00e5l at bidrage til, at b\u00f8rn og unge l\u00e6rer at blive selvst\u00e6ndige, f\u00e5r en demokratisk livsholdning, tager medansvar og realiserer deres fulde potentiale.<\/p>\n<p>Spejderbev\u00e6gelsen er funderet p\u00e5 v\u00e6rdier, man ogs\u00e5 m\u00f8der i kristendommen, men vi er ikke en missionerende forening.<\/p>\n","protected":false},"excerpt":{"rendered":"<p>KFUM-Spejderne giver b\u00f8rn og unge mod til sammen at tage ansvar for en bedre verden. Det g\u00f8r vi ved at..<\/p>\n","protected":false},"author":11,"featured_media":0,"parent":899,"menu_order":0,"comment_status":"closed","ping_status":"closed","template":"","meta":{"ngg_post_thumbnail":0,"footnotes":""},"class_list":["post-1539","page","type-page","status-publish","hentry"],"_links":{"self":[{"href":"https:\/\/loegumkloster.gruppesite.dk\/index.php?rest_route=\/wp\/v2\/pages\/1539","targetHints":{"allow":["GET"]}}],"collection":[{"href":"https:\/\/loegumkloster.gruppesite.dk\/index.php?rest_route=\/wp\/v2\/pages"}],"about":[{"href":"https:\/\/loegumkloster.gruppesite.dk\/index.php?rest_route=\/wp\/v2\/types\/page"}],"author":[{"embeddable":true,"href":"https:\/\/loegumkloster.gruppesite.dk\/index.php?rest_route=\/wp\/v2\/users\/11"}],"replies":[{"embeddable":true,"href":"https:\/\/loegumkloster.gruppesite.dk\/index.php?rest_route=%2Fwp%2Fv2%2Fcomments&post=1539"}],"version-history":[{"count":1,"href":"https:\/\/loegumkloster.gruppesite.dk\/index.php?rest_route=\/wp\/v2\/pages\/1539\/revisions"}],"predecessor-version":[{"id":1813,"href":"https:\/\/loegumkloster.gruppesite.dk\/index.php?rest_route=\/wp\/v2\/pages\/1539\/revisions\/1813"}],"up":[{"embeddable":true,"href":"https:\/\/loegumkloster.gruppesite.dk\/index.php?rest_route=\/wp\/v2\/pages\/899"}],"wp:attachment":[{"href":"https:\/\/loegumkloster.gruppesite.dk\/index.php?rest_route=%2Fwp%2Fv2%2Fmedia&parent=1539"}],"curies":[{"name":"wp","href":"https:\/\/api.w.org\/{rel}","templated":true}]}}